{"id":6,"date":"2021-10-23T21:26:39","date_gmt":"2021-10-23T21:26:39","guid":{"rendered":"http:\/\/www.labstream.cz\/?page_id=6"},"modified":"2021-11-08T05:58:41","modified_gmt":"2021-11-08T05:58:41","slug":"domu","status":"publish","type":"page","link":"https:\/\/www.labstream.cz\/","title":{"rendered":"Dom\u016f"},"content":{"rendered":"\n<div class=\"wp-block-cover alignfull\" style=\"background-image:url(https:\/\/www.labstream.cz\/wp-content\/themes\/neve\/assets\/img\/starter-content\/hero.jpg);background-position:50% 64%;min-height:700px\"><div class=\"wp-block-cover__inner-container\">\n<div style=\"height:80px\" aria-hidden=\"true\" class=\"wp-block-spacer\"><\/div>\n\n\n\n<h1 class=\"has-text-align-center has-text-color\" style=\"color:#00a3b4\">Analytick\u00e1 laborato\u0159 <\/h1>\n\n\n\n<h3 class=\"has-text-align-center\"><span class=\"has-inline-color has-nv-dark-bg-color\">Zak\u00e1zkov\u00e9 chemick\u00e9 anal\u00fdzy<\/span><\/h3>\n\n\n\n<h3 class=\"has-text-align-center\"><span class=\"has-inline-color has-nv-dark-bg-color\">Poradenstv\u00ed a optimalizace analytick\u00fdch postup\u016f<\/span><\/h3>\n\n\n\n<h3 class=\"has-text-align-center\"><span class=\"has-inline-color has-nv-dark-bg-color\">\u0160kolen\u00ed laboratorn\u00edch pracovn\u00edk\u016f<\/span><\/h3>\n\n\n\n<pre class=\"wp-block-preformatted\"><span class=\"has-inline-color has-nv-dark-bg-color\">\n<\/span><\/pre>\n\n\n\n<div class=\"wp-block-buttons aligncenter\">\n<div class=\"wp-block-button is-style-primary\"><a class=\"wp-block-button__link\" href=\"https:\/\/www.labstream.cz\/index.php\/chemicke-analyzy\/\" rel=\"\">Chemick\u00e9 anal\u00fdzy<\/a><\/div>\n\n\n\n<div class=\"wp-block-button is-style-primary\"><a class=\"wp-block-button__link\" href=\"https:\/\/www.labstream.cz\/index.php\/portofolio\/\">Poradenstv\u00ed<\/a><\/div>\n<\/div>\n\n\n\n<div style=\"height:80px\" aria-hidden=\"true\" class=\"wp-block-spacer\"><\/div>\n\n\n\n<div style=\"height:80px\" aria-hidden=\"true\" class=\"wp-block-spacer\"><\/div>\n\n\n\n<p><\/p>\n<\/div><\/div>\n\n\n\n<div style=\"height:80px\" aria-hidden=\"true\" class=\"wp-block-spacer\"><\/div>\n\n\n\n<div class=\"wp-block-columns\">\n<div class=\"wp-block-column\">\n<div class=\"wp-block-image icon-style is-style-default\"><figure class=\"aligncenter is-resized\"><img loading=\"lazy\" src=\"https:\/\/www.labstream.cz\/wp-content\/themes\/neve\/assets\/img\/starter-content\/icon-03.svg\" alt=\"\" width=\"48\" height=\"48\"\/><\/figure><\/div>\n\n\n\n<h3 class=\"has-text-align-center has-neve-text-color-color has-text-color\">Vysok\u00e1 kvalita <\/h3>\n\n\n\n<p class=\"has-text-align-center\">Zku\u0161ebn\u00ed laborato\u0159 dodr\u017euje standardy podle \u010cSN EN ISO 17025:2017.<\/p>\n\n\n\n<div style=\"height:20px\" aria-hidden=\"true\" class=\"wp-block-spacer\"><\/div>\n<\/div>\n\n\n\n<div class=\"wp-block-column\">\n<div class=\"wp-block-image icon-style is-style-default\"><figure class=\"aligncenter is-resized\"><img loading=\"lazy\" src=\"https:\/\/www.labstream.cz\/wp-content\/themes\/neve\/assets\/img\/starter-content\/icon-02.svg\" alt=\"\" width=\"48\" height=\"48\"\/><\/figure><\/div>\n\n\n\n<h3 class=\"has-text-align-center has-neve-text-color-color has-text-color\">Flexibiln\u00ed nab\u00eddka<\/h3>\n\n\n\n<p class=\"has-text-align-center\">Laborato\u0159 poskytuje konzultace z oblasti m\u011b\u0159en\u00ed v analytick\u00e9 chemii, v\u00fdb\u011bru optim\u00e1ln\u00ed metody a p\u0159\u00edstrojov\u00e9ho vybaven\u00ed.<\/p>\n\n\n\n<div style=\"height:20px\" aria-hidden=\"true\" class=\"wp-block-spacer\"><\/div>\n<\/div>\n\n\n\n<div class=\"wp-block-column\">\n<div class=\"wp-block-image icon-style is-style-rounded\"><figure class=\"aligncenter is-resized\"><img loading=\"lazy\" src=\"https:\/\/www.labstream.cz\/wp-content\/themes\/neve\/assets\/img\/starter-content\/icon-01.svg\" alt=\"\" width=\"48\" height=\"48\"\/><\/figure><\/div>\n\n\n\n<h3 class=\"has-text-align-center has-neve-text-color-color has-text-color\">Individu\u00e1ln\u00ed p\u0159\u00edstup<\/h3>\n\n\n\n<p class=\"has-text-align-center\">Rozsah slu\u017eeb lze p\u0159izp\u016fsobit pro pot\u0159ebu popt\u00e1vky a jej\u00ed rozsah \u0161k\u00e1lovat dle navazuj\u00edc\u00edch po\u017eadavk\u016f .<\/p>\n\n\n\n<div style=\"height:20px\" aria-hidden=\"true\" class=\"wp-block-spacer\"><\/div>\n<\/div>\n<\/div>\n\n\n\n<div style=\"height:80px\" aria-hidden=\"true\" class=\"wp-block-spacer\"><\/div>\n\n\n\n<div class=\"wp-block-cover alignfull has-nv-light-bg-background-color has-background-dim\" style=\"min-height:600px\"><div class=\"wp-block-cover__inner-container\">\n<div class=\"wp-block-group\"><div class=\"wp-block-group__inner-container\">\n<div style=\"height:80px\" aria-hidden=\"true\" class=\"wp-block-spacer\"><\/div>\n\n\n\n<div class=\"wp-block-columns are-vertically-aligned-center\">\n<div class=\"wp-block-column is-vertically-aligned-center\" style=\"flex-basis:50%\">\n<figure class=\"wp-block-image size-large\"><img loading=\"lazy\" width=\"1024\" height=\"731\" src=\"https:\/\/www.labstream.cz\/wp-content\/uploads\/2021\/10\/pexels-rfstudio-3825573-1024x731.jpg\" alt=\"\" class=\"wp-image-44\" srcset=\"https:\/\/www.labstream.cz\/wp-content\/uploads\/2021\/10\/pexels-rfstudio-3825573-1024x731.jpg 1024w, https:\/\/www.labstream.cz\/wp-content\/uploads\/2021\/10\/pexels-rfstudio-3825573-300x214.jpg 300w, https:\/\/www.labstream.cz\/wp-content\/uploads\/2021\/10\/pexels-rfstudio-3825573-768x549.jpg 768w, https:\/\/www.labstream.cz\/wp-content\/uploads\/2021\/10\/pexels-rfstudio-3825573-1536x1097.jpg 1536w, https:\/\/www.labstream.cz\/wp-content\/uploads\/2021\/10\/pexels-rfstudio-3825573-2048x1463.jpg 2048w\" sizes=\"(max-width: 1024px) 100vw, 1024px\" \/><\/figure>\n<\/div>\n\n\n\n<div class=\"wp-block-column is-vertically-aligned-center\">\n<div style=\"height:20px\" aria-hidden=\"true\" class=\"wp-block-spacer\"><\/div>\n\n\n\n<h2 class=\"has-text-align-left has-text-color\" style=\"color:#00a3b4\">Chemick\u00e9 anal\u00fdzy<\/h2>\n\n\n\n<p class=\"has-text-align-left has-neve-text-color-color has-text-color\" style=\"font-size:17px\">Laborato\u0159 prov\u00e1d\u00ed zak\u00e1zkov\u00e9 rozbory pr\u016fmyslov\u00fdch a v\u00fdrobn\u00edch vzork\u016f, kontrolu surovin, rozbor ne\u010distot, pracovn\u00edho prost\u0159ed\u00ed. Mo\u017enost m\u011b\u0159en\u00ed pevn\u00fdch, kapaln\u00fdch a plynn\u00fdch vzork\u016f. Zak\u00e1zkov\u00e9 v\u00fdzkumn\u00e9 studie nebo n\u00e1vrhy postupu m\u011b\u0159en\u00ed s vyu\u017eit\u00edm analytick\u00fdch instrument\u00e1ln\u00edch metod.<\/p>\n\n\n\n<div class=\"wp-block-buttons alignleft\">\n<div class=\"wp-block-button is-style-primary\"><a class=\"wp-block-button__link\" href=\"#\">V\u00edce informac\u00ed<\/a><\/div>\n<\/div>\n<\/div>\n<\/div>\n\n\n\n<div style=\"height:40px\" aria-hidden=\"true\" class=\"wp-block-spacer\"><\/div>\n<\/div><\/div>\n<\/div><\/div>\n\n\n\n<div class=\"wp-block-cover alignfull has-nv-site-bg-background-color has-background-dim\" style=\"min-height:600px\"><div class=\"wp-block-cover__inner-container\">\n<div class=\"wp-block-group\"><div class=\"wp-block-group__inner-container\">\n<div style=\"height:80px\" aria-hidden=\"true\" class=\"wp-block-spacer\"><\/div>\n\n\n\n<div class=\"wp-block-columns are-vertically-aligned-center\">\n<div class=\"wp-block-column is-vertically-aligned-center\">\n<h2 class=\"has-text-align-left has-text-color\" style=\"color:#00a3b4\">Poradenstv\u00ed<\/h2>\n\n\n\n<p class=\"has-text-align-left has-neve-text-color-color has-text-color\" style=\"font-size:17px\">Nab\u00edz\u00edme konzultace z oblasti analytick\u00e9 chemie: volba vhodn\u00e9 m\u011b\u0159\u00edc\u00ed metody, v\u00fdb\u011br p\u0159\u00edstrojov\u00e9ho vybaven\u00ed, spr\u00e1vn\u00e9 laboratorn\u00ed praxe, validace analytick\u00e9 metody, \u0161kolen\u00ed nov\u00fdch i st\u00e1l\u00fdch  pracovn\u00edk\u016f analytick\u00fdch laborato\u0159\u00ed. <\/p>\n\n\n\n<p><\/p>\n\n\n\n<div class=\"wp-block-buttons alignleft\">\n<div class=\"wp-block-button is-style-primary\"><a class=\"wp-block-button__link\" href=\"#\">V\u00edce informac\u00ed<\/a><\/div>\n<\/div>\n\n\n\n<div style=\"height:40px\" aria-hidden=\"true\" class=\"wp-block-spacer\"><\/div>\n<\/div>\n\n\n\n<div class=\"wp-block-column is-vertically-aligned-center\" style=\"flex-basis:50%\">\n<figure class=\"wp-block-image size-large is-resized\"><img loading=\"lazy\" src=\"https:\/\/www.labstream.cz\/wp-content\/uploads\/2021\/10\/pexels-thisisengineering-3861433-edited-2-scaled.jpg\" alt=\"\" class=\"wp-image-53\" width=\"564\" height=\"376.18359375\" srcset=\"https:\/\/www.labstream.cz\/wp-content\/uploads\/2021\/10\/pexels-thisisengineering-3861433-edited-2-scaled.jpg 2560w, https:\/\/www.labstream.cz\/wp-content\/uploads\/2021\/10\/pexels-thisisengineering-3861433-edited-2-300x200.jpg 300w, https:\/\/www.labstream.cz\/wp-content\/uploads\/2021\/10\/pexels-thisisengineering-3861433-edited-2-1024x683.jpg 1024w, https:\/\/www.labstream.cz\/wp-content\/uploads\/2021\/10\/pexels-thisisengineering-3861433-edited-2-768x513.jpg 768w, https:\/\/www.labstream.cz\/wp-content\/uploads\/2021\/10\/pexels-thisisengineering-3861433-edited-2-1536x1025.jpg 1536w, https:\/\/www.labstream.cz\/wp-content\/uploads\/2021\/10\/pexels-thisisengineering-3861433-edited-2-2048x1367.jpg 2048w, https:\/\/www.labstream.cz\/wp-content\/uploads\/2021\/10\/pexels-thisisengineering-3861433-edited-2-930x620.jpg 930w\" sizes=\"(max-width: 2560px) 100vw, 2560px\" \/><\/figure>\n<\/div>\n<\/div>\n\n\n\n<div style=\"height:40px\" aria-hidden=\"true\" class=\"wp-block-spacer\"><\/div>\n\n\n\n<p><\/p>\n<\/div><\/div>\n<\/div><\/div>\n\n\n\n<div class=\"wp-block-cover alignfull has-neve-link-color-background-color has-background-dim\" style=\"min-height:600px\"><div class=\"wp-block-cover__inner-container\">\n<div class=\"wp-block-group\"><div class=\"wp-block-group__inner-container\">\n<div style=\"height:80px\" aria-hidden=\"true\" class=\"wp-block-spacer\"><\/div>\n\n\n\n<div class=\"wp-block-columns are-vertically-aligned-center\">\n<div class=\"wp-block-column is-vertically-aligned-center\" style=\"flex-basis:50%\">\n<figure class=\"wp-block-image size-large is-resized\"><img loading=\"lazy\" src=\"https:\/\/www.labstream.cz\/wp-content\/uploads\/2021\/11\/thisisengineering-raeng-TeJZ3CGZXRw-unsplash-1024x683.jpg\" alt=\"\" class=\"wp-image-89\" width=\"591\" height=\"394\" srcset=\"https:\/\/www.labstream.cz\/wp-content\/uploads\/2021\/11\/thisisengineering-raeng-TeJZ3CGZXRw-unsplash-1024x683.jpg 1024w, https:\/\/www.labstream.cz\/wp-content\/uploads\/2021\/11\/thisisengineering-raeng-TeJZ3CGZXRw-unsplash-300x200.jpg 300w, https:\/\/www.labstream.cz\/wp-content\/uploads\/2021\/11\/thisisengineering-raeng-TeJZ3CGZXRw-unsplash-768x512.jpg 768w, https:\/\/www.labstream.cz\/wp-content\/uploads\/2021\/11\/thisisengineering-raeng-TeJZ3CGZXRw-unsplash-1536x1025.jpg 1536w, https:\/\/www.labstream.cz\/wp-content\/uploads\/2021\/11\/thisisengineering-raeng-TeJZ3CGZXRw-unsplash-930x620.jpg 930w\" sizes=\"(max-width: 591px) 100vw, 591px\" \/><\/figure>\n<\/div>\n\n\n\n<div class=\"wp-block-column is-vertically-aligned-center\">\n<div style=\"height:40px\" aria-hidden=\"true\" class=\"wp-block-spacer\"><\/div>\n\n\n\n<h2 class=\"has-text-align-left has-nv-text-dark-bg-color has-text-color\">\u0160kolen\u00ed laboratorn\u00edch pracovn\u00edk\u016f<\/h2>\n\n\n\n<p class=\"has-text-align-left has-nv-text-dark-bg-color has-text-color\" style=\"font-size:17px\">\u00davod do pr\u00e1ce v analytick\u00e9 laborato\u0159i pro za\u010d\u00ednaj\u00edc\u00ed laboratorn\u00ed zam\u011bstnance.<\/p>\n\n\n\n<p class=\"has-text-align-left has-nv-text-dark-bg-color has-text-color\" style=\"font-size:17px\">\u0160kolen\u00ed z\u00e1sad spr\u00e1vn\u00e9 laboratorn\u00ed praxe v chemick\u00e9 laborato\u0159i pro oper\u00e1tory a laboranty.<\/p>\n\n\n\n<p>Validace metod a pr\u00e1ce v akreditovan\u00e9 laborato\u0159i. <\/p>\n\n\n\n<p>\u0160kolen\u00ed je mo\u017en\u00e9 p\u0159izp\u016fsobit na m\u00edru podle konkr\u00e9tn\u00edch po\u017eadavk\u016f.<\/p>\n\n\n\n<div class=\"wp-block-buttons alignleft\">\n<div class=\"wp-block-button is-style-primary\"><a class=\"wp-block-button__link has-nv-dark-bg-color has-nv-light-bg-background-color has-text-color has-background\" href=\"#\">V\u00edce informac\u00ed<\/a><\/div>\n<\/div>\n<\/div>\n<\/div>\n\n\n\n<div style=\"height:40px\" aria-hidden=\"true\" class=\"wp-block-spacer\"><\/div>\n\n\n\n<p><\/p>\n<\/div><\/div>\n<\/div><\/div>\n\n\n\n<div style=\"height:40px\" aria-hidden=\"true\" class=\"wp-block-spacer\"><\/div>\n\n\n\n<div class=\"wp-block-cover alignfull has-nv-light-bg-background-color has-background-dim\" style=\"min-height:420px\"><div class=\"wp-block-cover__inner-container\">\n<div style=\"height:80px\" aria-hidden=\"true\" class=\"wp-block-spacer\"><\/div>\n\n\n\n<div class=\"wp-block-columns\">\n<div class=\"wp-block-column\">\n<p class=\"has-text-align-left has-neve-text-color-color has-text-color has-normal-font-size\">A<\/p>\n\n\n\n<p class=\"has-neve-text-color-color has-text-color\">A<\/p>\n\n\n\n<div style=\"height:20px\" aria-hidden=\"true\" class=\"wp-block-spacer\"><\/div>\n<\/div>\n\n\n\n<div class=\"wp-block-column\">\n<p class=\"has-text-align-left has-neve-text-color-color has-text-color has-normal-font-size\">B<\/p>\n\n\n\n<p class=\"has-neve-text-color-color has-text-color\">B<\/p>\n\n\n\n<div style=\"height:20px\" aria-hidden=\"true\" class=\"wp-block-spacer\"><\/div>\n<\/div>\n\n\n\n<div class=\"wp-block-column\">\n<p class=\"has-text-align-left has-neve-text-color-color has-text-color has-normal-font-size\">C<\/p>\n\n\n\n<p class=\"has-neve-text-color-color has-text-color\">C<\/p>\n\n\n\n<div style=\"height:20px\" aria-hidden=\"true\" class=\"wp-block-spacer\"><\/div>\n<\/div>\n<\/div>\n\n\n\n<div style=\"height:30px\" aria-hidden=\"true\" class=\"wp-block-spacer\"><\/div>\n<\/div><\/div>\n\n\n\n<p><\/p>\n","protected":false},"excerpt":{"rendered":"<p>Vysok\u00e1 kvalita Zku\u0161ebn\u00ed laborato\u0159 dodr\u017euje standardy podle \u010cSN EN ISO 17025:2017. Flexibiln\u00ed nab\u00eddka Laborato\u0159 poskytuje konzultace z oblasti m\u011b\u0159en\u00ed v analytick\u00e9 chemii, v\u00fdb\u011bru optim\u00e1ln\u00ed metody a p\u0159\u00edstrojov\u00e9ho vybaven\u00ed. Individu\u00e1ln\u00ed p\u0159\u00edstup Rozsah slu\u017eeb lze p\u0159izp\u016fsobit pro pot\u0159ebu popt\u00e1vky a jej\u00ed rozsah \u0161k\u00e1lovat dle navazuj\u00edc\u00edch po\u017eadavk\u016f .<\/p>\n","protected":false},"author":1,"featured_media":0,"parent":0,"menu_order":0,"comment_status":"closed","ping_status":"closed","template":"","meta":{"neve_meta_sidebar":"","neve_meta_container":"","neve_meta_enable_content_width":"on","neve_meta_content_width":100,"neve_meta_title_alignment":"","neve_meta_author_avatar":"","neve_post_elements_order":"","neve_meta_disable_header":"","neve_meta_disable_footer":"","neve_meta_disable_title":"on","_ti_tpc_template_sync":false,"_ti_tpc_template_id":""},"_links":{"self":[{"href":"https:\/\/www.labstream.cz\/index.php\/wp-json\/wp\/v2\/pages\/6"}],"collection":[{"href":"https:\/\/www.labstream.cz\/index.php\/wp-json\/wp\/v2\/pages"}],"about":[{"href":"https:\/\/www.labstream.cz\/index.php\/wp-json\/wp\/v2\/types\/page"}],"author":[{"embeddable":true,"href":"https:\/\/www.labstream.cz\/index.php\/wp-json\/wp\/v2\/users\/1"}],"replies":[{"embeddable":true,"href":"https:\/\/www.labstream.cz\/index.php\/wp-json\/wp\/v2\/comments?post=6"}],"version-history":[{"count":25,"href":"https:\/\/www.labstream.cz\/index.php\/wp-json\/wp\/v2\/pages\/6\/revisions"}],"predecessor-version":[{"id":106,"href":"https:\/\/www.labstream.cz\/index.php\/wp-json\/wp\/v2\/pages\/6\/revisions\/106"}],"wp:attachment":[{"href":"https:\/\/www.labstream.cz\/index.php\/wp-json\/wp\/v2\/media?parent=6"}],"curies":[{"name":"wp","href":"https:\/\/api.w.org\/{rel}","templated":true}]}}